) + -3 - (-155 + 102)?
46
What is 100 + ((-18 - 2) + -4 - 1 - (-15 - 0))?
90
Calculate -12 + (26 - 62) - -27.
-21
Calculate (7 - (2 + -15 + 9)) + 64 + 4.
79
Calculate -37 + 0 + (18 - ((-3 - -9) + 9)).
-34
Evaluate 425 - (302 + 4) - (-1 - -4).
116
What is the value of (26 + -11 + -21 - (5 + -13)) + (-44 - 0)?
-42
Evaluate 42 - (7 + (74 - 1) + 30).
-68
Evaluate (-55 - -4) + -40 + 46 + -4.
-49
-2 + -48 - ((9 - -2) + (-69 - (32 + -95)))
-55
Calculate (54 - 1) + -1 + 0 - (13148 + -13163).
67
What is -32 - (-29 + -15 + 33)?
-21
Calculate -62 - (-71 - -27 - 50).
32
What is the value of -15 - -77 - (-60 + -1)?
123
What is -59 - -28 - -20 - 12 - (-82 - 3)?
62
Evaluate (10 - 15) + 14 - (-13 + 31 + 71 + 19).
-99
What is the value of -6 - -15 - (-147 - -126)?
30
What is (3 - 12 - -2 - (-123 + 47)) + -10 + -2?
57
Evaluate (-28 - -94 - 5) + 18 + -12 + 5 + 1.
73
-23 + 15 - -21 - 50 - (2 + -7)
-32
79 - 173 - (30 - 43 - (0 + 3 + -5))
-83
0 + 128 + (13205 - 13277)
56
(1 + -3 + 2 + 98 - (-6188 + 6196)) + -7
83
7 + -5 + 7 + -86 + 60 - 75
-92
What is 6 - (-34 + 81) - -81?
40
Calculate -1599 + 1594 - (-2 - 0 - -1 - -29).
-33
What is -6 + (-3 - -31) + (-12 - 23) + (-1 - 75)?
-89
What is (87 - 40) + (22 - 26)?
43
Calculate 5 - (8 - 17) - 20 - (-15 + -10).
19
What is the value of -4 + 42 + -139 + 105?
4
What is the value of 41 + -1 + -12 + 4 + 1 + 3?
36
(14 + -6 - 6 - -6) + (8 - -77)
93
Calculate (-132 - (-55 - 14 - -22)) + 37.
-48
Evaluate -51 + -22 + 32 - 29.
-70
Evaluate -25 - (67 - 44) - 7.
-55
27 + (53 - 82) - (7 + (-2 - -2) - 2)
-7
Evaluate -5 + ((2 - -2) + (0 - 8) + 4 - -11).
6
What is 87 - (80 + -12) - (-1 - 35)?
55
-48 + 25 + -24 + 29 + 51
33
Calculate (-9 - 3) + 26 - (71 + -55).
-2
What is -28 - -7 - -5 - (448 + -454)?
-10
What is the value of 1 + (9 - 2 - (76 + 58 + -77))?
-49
Calculate (-14 + (-2 + 2 - -3) - (5 - 5)) + 16.
5
Calculate (-12 - 1) + (122 - 124) + 1.
-14
What is -1 + -11 + (5 - (1 - -4)) + -7?
-19
-99 + (-144 - -70) + 111
-62
What is the value of -4 - 119 - (-208 - -107 - -59)?
-81
What is the value of 29 + (25 + -77 - 72)?
-95
What is the value of -7 + (-19 - (-12 - -6 - 0)) - (9 - -1)?
-30
0 + 2 + -2 - -109 - (58 + (16 - 86))
121
76 + 6 + (12 - (18 - -8)) + 13
81
-2 + 23 + 25 + (-18 - 9)
19
Evaluate -9 - ((33 + -48 - (50 - -3)) + 15).
44
104 - (7 - (-10 - (-18 - (-12 - -10 - 11))))
92
Calculate (7 + 1 - 21) + 53 - 21.
19
17260 - 17333 - (25 + (-5 - -2))
-95
What is -26 - (57 + 30 + -60)?
-53
-39 - (-9 - 0) - (145 - 108)
-67
-14 + (0 - 0) - ((-3 - -3) + -6)
-8
Calculate (2486 - 2546) + 1 + -5 + -3.
-67
Calculate -1 - (43 - (-16 - -49) - (6 + (-4 - -3))).
-6
What is the value of 19 - ((-22 + -11 - -7) + (-4 - -19))?
30
What is the value of -35 + -155 + 130 - (-2 + (-2 - -2) - 7)?
-51
Calculate 138 - (-83 - 25) - 133.
113
What is 9 + (-5 - (-2 - -10) - -12 - 11) + 42?
39
Calculate -13 - (20 + -3 + (55 - 67 - (0 + 0))).
-18
What is -107 + (69 + -14 - -4)?
-48
What is the value of (3 - (-2 - -3)) + (3927 - 3847) - -7?
89
What is 9 - (-2 + (1 - (14 + -13 + 18)))?
29
What is the value of -66 + 158 + (-185 - 23)?
-116
Evaluate -36 - ((11 - ((74 - 85) + (5 - 0))) + -11).
-42
79 - (16 + 3 + 14 + -17 - 5)
68
What is the value of 29 - -2 - (-31 - (-16 - 35))?
11
Evaluate 4 - (7 - (6 + -81)) - (-288 + 285).
-75
-25 + -4 - (1377 - 1363)
-43
-16 + 56 + -20 + -5 - (0 + 3 + -6)
18
(2 - 0 - (-23 + 35) - 25) + -1
-36
-22 - (20 + -17 + 0 + 16)
-41
-1535 + 1549 - (37 + -1)
-22
18 + (10 - 9 - 15) + -3 + -1 + -4
-4
Evaluate (-6 - (1 + -4)) + (46 + -12 - 13) + 2.
20
Evaluate 479 + -494 - (-4 - (-9 - 4)).
-24
Evaluate 5 + (24 - 29) - (62 + -183).
121
What is the value of 14 - (66 - -2) - (-10 - (28 - 29))?
-45
What is 350 + -344 + (-1 - -2) + 0 + -276 + 371?
102
What is (156 + -196 - -39) + (3 - 1 - 0) + 107?
108
What is the value of -9 + (7 - 13) - (1 - 9)?
-7
What is the value of (-41 - (11 + -100)) + (0 - 12)?
36
What is the value of 24 + (40 - (0 + 70))?
-6
What is 415 + -343 - (5 + (-7 - -6) - 8)?
76
What is (0 - 2) + (-1 + -7 - (-56 - -47))?
-1
What is (-27 - (-8 - -16)) + 7 + 16 + -23?
-35
Evaluate 47532 - 47498 - (2 + -1 - 2 - 7).
42
Calculate -2 - 0 - -94 - (28144 - 28154).
102
What is the value of -82 - (-22 - (17 - (50 + -6 - 22)))?
-65
-1692 + 1691 + (18 - 0) + 47
64
What is -1 + 2 + 1 - 17 - (435 - 448)?
-2
What is (104 + -45 + 21 - 45) + 94?
129
Evaluate -5 + (4 - 7) + -66 + 10 + 66.
2
Calculate -22 + (-134 - -165) + 61 + -6.
64
What is 20 - 65 - -122 - ((-2 - 0) + 17)?
62
What is the value of (-7 - -104) + 14 + -52?
59
Evaluate 18 + 3 + (-682 - -683).
22
What is -92 + (83 - -7) + 11 + 1 - (-9 + -1)?
20
What is the value of (-1151 - -1211) + (18 - -7)?
85
What is -2 + 4 - 19 - (-1091 + 1072)?
2
Calculate (-8 - (-49 + 71)) + -14.
-44
Evaluate -9 - (-13 + -4) - 1 - (2 + -36) - 0.
41
Evaluate -3 + (2 - (5 + -1)) + 53 + (-5 - 4).
39
-4 + 11 + (-26 + 21 - (2 + -10))
10
Calculate (-662 - -647) + (-2 - -23) + -2.
4
Calculate -7 - (-67 + 29 + 83).
-52
What is (-4 + (-2 - -5) - -2) + -37 + 53 + -12?
5
Evaluate 161 + -153 + (-9 - -5) + -112.
-108
Evaluate (-15 - 13 - (0 + 14)) + (-8 - (3 - 1)).
-52
9 + (-2 + 5 - 5) - (84 + (-13 - 3))
-61
What is the value of (-164 - -292 - 246) + 25 + 1?
-92
Calculate 5 - (-19 + (9 - -27) + -33).
21
What is the value of (8 - 27) + 12 + 20 + -12?
1
What is 14 + (18 + 5 - 11) + (2 + -1 - 61)?
-34
What is (-3 - 11) + 4 - ((1 - (-14 + 0)) + 9)?
-34
What is the value of -18 + 21 + 8 + -164 + 93?
-60
Calculate (-11 - -66) + 403 + -453.
5
Evaluate (8 + -12 + -22 - -107) + -25.
56
Evaluate 104 + 3 + -47 + (3 + 1 - -2) - 5.
61
What is the value of 6 + ((-18 - 6 - -14) + 113 - -4)?
113
Calculate 48 + (30 - (20 - (4 - -19))).
81
Evaluate (-11 - -30) + (-162 - -152).
9
Evaluate -16 - (5 + -6) - (-5 + -2) - (-34 + 53).
-27
-1109 + 1137 - (-8 + (2 - 3 - -3))
34
What is 31 + 2 - (786 + -801)?
48
Evaluate -100 + (112 - 33) + -17 + -1.
-39
What is the value of -139 + (96 - (-26 - -44))?
-61
(6 - 1) + -76 + 100 + -9 + (10 - -1)
31
Evaluate 8 + ((14 - -9) + -6 - 18) + 44.
51
Evaluate (-72 + -61 - -22) + 52.
-59
What is the value of -85 + 221 - -11 - 89?
58
What is 39 + 1 + -35 - (1 - (8 - -66))?
78
What is 145 - (92 - (2 - 17))?
38
Calculate (-3 - (5 + -1) - -4) + 17 - (94 - 84).
4
What is the value of -32 + (89 - 63) + (-3 - (0 - 31))?
22
Evaluate 81 + -117 - -41 - (1 - 80).
84
Calculate -36 + 42 - (-4 + 2) - (1 + 13).
-6
What is the value of (-50 - (-18 + -10)) + 20?
-2
What is the value of 68 - ((60 - 35) + -23)?
66
(-7 - (16 + -7 + -30)) + (-11 - -137)
140
What is the value of (53 - -1) + (247 - 259)?
42
What is -14 + (-6 - 1) + (-12 - 3) + 8?
-28
16 + -2 + (-4 + -9 - -1) - (3 - -24)
-25
What is the value of (13 - -3) + 4 + -66?
-46
Evaluate -62 - (65 - (-34 + 123)).
-38
Evaluate (31 + 5 - 16) + -47 + -31.
-58
What is the value of -7 + (13 - (-24 - -22)) + 16?
24
(-29 + 2 - -26) + (-5 + 15 - -4)
13
Calculate -92 - -158 - (-118 + 210).
-26
Evaluate -70 - (7 - 4) - (47 - (-62 + 109)).
-73
Calculate (13 - -10) + -5 + (17 - 8).
27
Calculate 9 - (11 - 34) - 18 - -30.
44
Evaluate -4 - (-1 + 8) - ((58 - 29) + -100).
60
Calculate 20 + -59 + (-4 - 6).
-49
What is the value of 13 + (-5 - (-23 - -8 - -19))?
4
Evaluate 2 + 2 - (297 + -318 + 1 + 30 + -62).
56
Calculate 0 + -12 + (-657 - -703) + (1 - (0 - 10)).
45
Evaluate -264 + 203 - (-112 + 3).
48
Evaluate (23 - -2) + -18 + (7 - 10) + -15.
-11
Evaluate 64 - 52 - (-5 - 8 - 0).
25
Evaluate (-1 - (-41 + 1)) + -58 + 23 + 39 + 4.
47
What is 1 - -22 - (-18 + (36 - 39 - -35))?
9
What is 13 - (-10 + -8 + 0 + -12)?
43
What is 144 - -163 - 221 - (2 - (-10 + -2))?
72
-10 + -49 + 59 + -24
-24
What is 21 + 60 + -96 + 17?
2
-30 + (-14 - (38 + (1 - 33)))
-50
Evaluate -62 + (240 - (122 + 13)).
43
Evaluate -51 - (49 - 14 - (17 - -3)).
-66
Evaluate (-68 + 85 - (-75 - 7)) + (4 - -2 - 0).
105
Calculate (-58 + 42 + 50 - (14 + 0)) + -44.
-24
What is -1 + -21 + 141 + -127?
-8
What is the value of (-349 - -328) + -1 + 19 - (1 + -33)?
29
What is -8 + (19 - 9) + 0 + 0 + 1?
3
What is the value of 5 + (13 + -3 - (21 + -9) - -11)?
14
What is -22 + -6 + 36 + -86 + -8?
-86
What is the value of -4 - ((-2 - (-26 - -20)) + -1 + (-13 - 2))?
8
Evaluate 36 - ((-13 - -24) + -10) - (-1 + 1 - -3).
32
Calculate -11 - (-5 + 11 + (-5 - 1) - 